-6
Let z(v) = v**3 - 14*v**2 - 8*v - 103. Suppose -14*r - 5 = n - 9*r, -5*r + 25 = 3*n. Give z(n).
2
Suppose -k - 2*m + 17 = 0, 57*k - 5*m = 58*k - 26. Let y(g) = -g - 6. What is y(k)?
-17
Let q(z) = 3*z + 3. Let b(s) = 11*s + 38. Let o(p) = -b(p) + 3*q(p). Calculate o(-15).
1
Let k(z) = -z**3 + 11*z**2 - 6*z + 23. Let b be ((-500)/(-24))/5*3 - 9/6. Give k(b).
-43
Let s(i) be the third derivative of i**5/60 - i**4/3 + 11*i**3/6 + 17*i**2. Let n be ((-123)/164)/(2/(-16)*(-10 + 11)). What is s(n)?
-1
Suppose 0 = k - 5*b + 8 + 1, 3*k + b = 5. Let v(a) = 20*a**2 + 7*a - 2. Let z(i) = 7*i**2 + i. Let d(j) = -v(j) + 4*z(j). What is d(k)?
7
Let j(p) be the first derivative of -p**4/4 + p**3 + 3*p**2/2 + 4*p - 535. Determine j(4).
0
Let c(d) = 4*d**2 + 6*d - 27. Let t(x) = -x**2 - 3*x + 7. Let h(k) = -k**3 - 36*k**2 - 3*k - 106. Let b be h(-36). Let y(i) = b*c(i) + 9*t(i). Determine y(-16).
-7
Let w(l) = l**3 + 4*l**2 - 3*l - 4*l + 11 + 4*l**2. Let j(m) = -31*m**2 - 43*m + 29. Let z be j(-2). What is w(z)?
-7
Let b = 310 - 306. Suppose 16 = -4*g + 2*a, 5*g + 3*a = -5 - b. Let z(j) = -j**3 - 3*j**2 + 1. Give z(g).
1
Suppose 0 = c - 6*c + 15, 85 = 5*o - 5*c. Let b be (((-33)/(-22))/(-3))/((-2)/(-16)*-2). Let u(y) = o + 12*y - 4*y + y**b - 16. What is u(-8)?
4
Let o(p) = -p**2 - 5*p + 6. Suppose 99 - 24 = -15*z. Determine o(z).
6
Suppose 4*p + 2*m - 22 = m, 0 = 5*p - 2*m - 34. Suppose 0 = -u + 2*w - 5, -u + 4*w - p*w = 9. Let s(b) = -b - 5. Give s(u).
2
Let x(w) = w + 10. Let l be (-3)/2*4*-1. Let c(s) = -3 + l + 3594*s**2 + 6 - 3595*s**2. Let k be c(-4). Give x(k).
3
Let a(s) = -9*s + 21. Let q be (-3)/2*(-34)/51. Let b(n) = n - 2. Let y(v) = q*a(v) + 6*b(v). Determine y(10).
-21
Let k(q) be the third derivative of 1/20*q**5 - 1/6*q**3 + 0 + 0*q + 17*q**2 + 1/12*q**4. Suppose -2*j - 3*s - 13 = 0, 0 = -5*j - 4*s - 22 + 7. Give k(j).
4
Let m(u) = 4*u**3 + 5*u**2 - 2. Let d = 240 - 237. Let w(v) = 5*v**3 + 5*v**2 - v - 4. Let p(c) = d*w(c) - 4*m(c). Give p(-5).
11
Suppose 3*j - 2*j = 1, -n - j = -4. Suppose 6*x + 15 = -n. Let g(b) = b**2. Let u(p) = p**3 + 3*p**2 - 2. Let r(c) = 2*g(c) - 2*u(c). What is r(x)?
22
Let k(h) = h**2 + 9*h - 109. Let v be k(6). Let z(s) = -s**3 - 22*s**2 - 57*s + 4. Let x be z(v). Let c(y) = y**2 - 2*y + 4. Calculate c(x).
12
Let k(c) = c**3 - c**2. Let q be k(0). Let d be (0 - q - -1)*-7. Let b(o) = -4*o - 3 - 3*o - o + 7*o - 2. Give b(d).
2
Suppose 15 = 2*a - 3*w, 0 = a + 52*w - 47*w + 12. Let y(z) = -z - z**a - 71 + 4*z**2 + 32 + 42. Give y(4).
-1
Let u(a) = 1684*a + 217*a**3 + 12 - 1683*a + 4*a**2 - 216*a**3. Determine u(-4).
8
Let i(h) = 45 + 10*h**2 - 110 + 23*h + 33 + h**3 + 34. What is i(-6)?
8
Let u(s) = 217*s**2 + 6*s - 7. Let q(g) = -2875*g**2 - 79*g + 91. Let d(l) = 4*q(l) + 53*u(l). Let w = -6 - -11. Calculate d(w).
28
Let j = 2 - 2. Let h(p) be the first derivative of 1/3*p**3 + 0*p**2 + 1/4*p**4 + p - 124. Give h(j).
1
Let x(y) = -2*y - 1. Let u be x(-13). Let r = u + -1. Suppose 0 = 23*s - r*s - 5. Let p(a) = -a**3 - 4*a**2 + 4*a - 3. What is p(s)?
2
Let g(n) = -7*n + 101. Let s be g(15). Let q be 28/35*(4 + 46/s). Let c(p) = p**2 + 8*p + 4. Give c(q).
-8
Let d(x) be the first derivative of x**5/30 - 7*x**2/2 + 35. Let i(h) be the second derivative of d(h). Calculate i(1).
2
Suppose -41*v + 55 + 1 = -518. Let s(u) = -u**3 + 14*u**2 + u + 2. Give s(v).
16
Let n(v) be the first derivative of v**4/4 - 8*v**3/3 - 3*v**2/2 - 13*v - 5204. What is n(8)?
-37
Suppose 59 = 4*l - 5*u - 26, 4*u = -20. Let s be (-10)/l - 17/(-3). Let w(v) = -21*v**3 - 5*v + 22*v**3 - v**3 - v**3 - 3 + 6*v**2 + 0*v**3. Calculate w(s).
-3
Let n(i) = -8*i**2 - 16*i - 18. Let z(h) = -4*h**2 - 10*h - 11. Let b(q) = 3*n(q) - 5*z(q). Give b(2).
-11
Let k(b) = -2*b + 6. Let r be (7/(-21))/((-1)/(-6)). Suppose 3*o - 4*w = 5, -3*o + 2*o + 2 = -w. Let f = r - o. What is k(f)?
16
Suppose 28 = 7*q - 56. Suppose v = -n - v + q, 5*v - 42 = -4*n. Let k = n + -8. Let c(h) = -h - 7. Determine c(k).
-7
Suppose 5847 = -7*f + 5882. Let p(j) = -j**2 + 52*j - 226. Determine p(f).
9
Let g(f) = 8*f + 4*f + 3093 - 1037 - 1039 - 1040. What is g(2)?
1
Let n = -9461 + 9475. Let o(p) = p**3 - 12*p**2 - 29*p - 3. Determine o(n).
-17
Let k(y) = 5*y**2 + 1. Suppose -11*r + 188 = 12. Let p be (-22)/(-6) + r/(-6) + 3. Suppose 5 = 9*n - p. What is k(n)?
6
Let k(t) = -t**3 - 2*t**2 - 2*t + 155. Suppose -2*v + 1412*q + 8 = 1414*q, 4*v + 5*q - 20 = 0. Calculate k(v).
155
Let f(v) = -2*v + 264. Let j(y) = y - 93. Let d(k) = 4*f(k) + 11*j(k). Calculate d(-19).
-24
Let a(y) = -1 - 2*y**2 + 23611*y - 47239*y + 23618*y. Determine a(-5).
-1
Let b(i) be the third derivative of i**6/120 - i**5/10 + i**4/6 - 5*i**3/2 - 847*i**2. Calculate b(6).
9
Let w(h) = -h**2 - 29*h + 61. Let f be w(-31). Let p(z) = 7*z**3 - z**2 + z + 2. Let u(b) = b + 1. Let a(g) = p(g) - 3*u(g). What is a(f)?
-7
Let a be -10*2/8*2. Let h(w) be the first derivative of -w**3/3 - 3*w**2 + 7*w + 27390. Give h(a).
12
Let x be (4/3)/(4/6). Let g(p) = 2 + 905*p**2 - 436*p**2 - 3*p + p - 459*p**2. What is g(x)?
38
Suppose 4*c + 11 = 4*o - 9*o, -4*c = -o - 7. Let s(h) = 4*h - 6. Let v(p) = 9*p - 14. Let f(i) = 7*s(i) - 3*v(i). Determine f(c).
1
Let b be 178/2*12/(-12). Let x = -89 - b. Suppose x = -3*i - 0*i + 18. Let l(n) = n**2 - 5*n + 3. What is l(i)?
9
Let j(k) = -3*k + 4 + 2 + 4*k. Let b(o) = -o - 5. Suppose -10 = -6*c + 10*c - 3*y, 2*y - 4 = 4*c. Let t(m) = c*j(m) + 3*b(m). Determine t(7).
-10
Let z(j) = 3*j**2 + 32*j + 250. Let k(w) = -4*w**2 - 48*w - 343. Let g(p) = -5*k(p) - 7*z(p). What is g(15)?
-20
Let n(d) = 17*d - 15. Let i be n(6). Let s = 87 - i. Let c be ((-8)/1)/2 + s/10. Let g(k) = -k**3 - 4*k**2 - 3*k - 5. Determine g(c).
7
Suppose -3*n + u = -3, u = 3*n - 3*u + 6. Let i(q) = -5*q - 2*q + q**n + 6 - 2*q. Suppose g + 16*a = 11*a + 53, 32 = -5*g + 8*a. What is i(g)?
-2
Let x(b) = b**2 - 22*b - 513. Let u be x(36). Let k(w) = -w - 54. What is k(u)?
-45
Suppose 6 = -v + y, 4*y = -0*y + 20. Suppose -31 = -21*c + 32. Let n(x) = -1 - 20*x**2 - c*x**2 - 3*x**2 + 35*x**2. What is n(v)?
8
Let k(d) = 2*d**3 + 115*d**2 + 156*d - 670. Let s be k(-56). Let q(i) = -5*i + 1. Give q(s).
-9
Suppose v - a = -10, -a + 36 = -4*v + 2*a. Let l(k) = -3*k**2 + k - 1. Let u(c) = -c**3 - 19*c**2 - 2*c + 1. Let w(z) = -4*l(z) + u(z). What is w(v)?
5
Let z be (-1 - -5)/(6/3). Let r = 4 - z. Let x(s) = 16*s**2 - 16*s - 25. Let o(t) = 5*t**2 - 5*t - 7. Let q(v) = -7*o(v) + 2*x(v). Give q(r).
-7
Let t(c) = -16*c - 6 + 17*c - 5. Let x be t(9). Let b be 0 - -1*8*x/(-4). Let s(q) = q - 7. What is s(b)?
-3
Let l(u) be the first derivative of -6*u**2 - u - 5. Let t = -78 + 78. Suppose -3*z = w + 1, 5*z + w + 3 = -t*w. Calculate l(z).
11
Let o(y) be the third derivative of y**4/12 + 11*y**3/6 + 184*y**2 - 8. Determine o(2).
15
Suppose 3*r = 5*o + 246, 5*o + 2*r = -2*r - 232. Let l be ((-2)/(-4))/(4/o). Let i(f) = -f. Let x(v) = -v + 6. Let a(s) = -2*i(s) - x(s). Give a(l).
-24
Let l(a) be the third derivative of -5*a**4/12 - 3*a**3/2 - 40*a**2. Let k(f) = -f - 1. Let t(g) = -36*k(g) + 4*l(g). Let v = 4 - 6. What is t(v)?
8
Let q be (5 + -7)/((-6)/(-36)). Let z be (-20)/15 + 44/q. Let p(s) = s**3 + 7*s**2 + 5*s - 5. Determine p(z).
20
Let f(c) = 4*c - 10*c - 4*c. Suppose 3*m = 8*m - l + 2, 3*m - l = 0. What is f(m)?
10
Let d(z) be the first derivative of -z**3/6 + 9*z**2/2 - 164*z + 106. Let y(w) be the first derivative of d(w). Give y(8).
1
Let o(n) be the second derivative of n**5/20 + 5*n**4/12 + 2*n**3/3 - 2*n. Let s(y) = 314*y - 34230. Let k be s(109). Calculate o(k).
0
Let h(d) = -22*d**2 - 2*d - 3. Let n(u) = -16*u**2 - u - 5. Let x(j) = -3*h(j) + 4*n(j). Determine x(6).
73
Suppose -635*v = -392*v + 1701. Let q(d) = 8*d**2 + 56*d + 6. Determine q(v).
6
Suppose -v + 18 = -16. Suppose -3*l + 5*u - 5 = -21, -3*l - 5*u - v = 0. Let a(k) = 34*k**2 + 340 - 338 - 3*k - 35*k**2. What is a(l)?
2
Let g(q) = -2*q**2 - q + 16. Let i be (-56)/(-8) + 0 - 2*(-5)/(-10). Give g(i).
-62
Let x be 7 + -2 - (8 - 5). Suppose 3*r - x*r + o = 0, 3*r = -5*o + 10. Let k(q) = q**2 + 4*q + 5. Calculate k(r).
10
Let l(z) = -15*z + 35. Suppose -23 = 25*m - 30*m - 4*n, m = 2*n - 1. Determine l(m).
-10
Let m(x) = -x**3 - x**2 + 6*x - 1. Let j(y) = y**2 - 1. Let n